+ r. What is the tens digit of c?
4
Suppose 189481 = 73*l - 7546. What is the hundreds digit of l?
6
Let q = 44450 - 29003. What is the units digit of q?
7
Let x = -13864 + 30778. What is the units digit of x?
4
Let u = -168 - -277. Suppose 8*h - 285 = 3*h. Let f = u - h. What is the units digit of f?
2
Let w be ((-24)/9)/(2/(-4302)*2). Suppose -10*b + w = 2*b. Suppose 13 = 6*l - b. What is the units digit of l?
2
Let f(i) = i**3 + 12*i**2 + 9*i - 25. Let g be f(-11). Let u be ((-604)/20)/(g/15). Let h = u + -39. What is the tens digit of h?
1
Suppose 15 = -y + 20. Suppose -3*x - 6 = -5*x - 5*w, y*x - 3*w - 15 = 0. Suppose -x*r + 179 - 68 = 0. What is the tens digit of r?
3
Let x be 15740/(-35) + (-20)/70. What is the units digit of (x/21)/((-2)/14)?
0
Let t be (15020/(-8))/5 - 2/(-4). What is the hundreds digit of 5/(1 - (-370)/t)?
3
Suppose 5*w - 62 + 32 = 0. Suppose -w*v = -v - 0*v. What is the tens digit of 5 - v - (-93 + -3)?
0
Let s = 9 - 9. Suppose s = 5*x + o - 1119, 4*o = 12 + 4. What is the hundreds digit of x?
2
Suppose 14 = 5*q - 1. Suppose -20 = -q*v - 26. What is the units digit of 13 - v*(-15)/(-6)?
8
Let f be 0/((-7 + 13)/(-2)). Suppose -2*b = 5*u + 3*b - 350, 5*u + 4*b - 349 = f. What is the units digit of u?
9
Let c(j) = -1177*j + 853. What is the units digit of c(-5)?
8
Let i be 0*(-2)/((-4)/(-2)). Suppose -8*a - a + 225 = i. Suppose 86 = 26*z - a*z. What is the units digit of z?
6
What is the hundreds digit of 902/533*26/4 - -7546?
5
Suppose 0 = 4282*f - 4340*f + 781318. What is the ten thousands digit of f?
1
Suppose 8*o - o - 1924332 = -27*o. What is the hundreds digit of o?
5
Suppose 5*v + 70 = -9*v. Suppose -5 - 49 = -3*q. What is the units digit of 1776/q + v + (-1)/(-3)?
4
Suppose 0 = -3*m - 2*i + 110398, m - 3*i = -5341 + 42133. What is the units digit of m?
8
Suppose -37 - 33 = 5*l. Let d be 8 - (-3)/(-3 - 55/(-20)). Let x = d - l. What is the units digit of x?
0
Suppose 235550 + 29275 = 9*z. What is the units digit of z?
5
Let p(o) = -o**2 - 12*o - 3. Let c be p(-11). Suppose 1032 + 2088 = c*q. Let x = 574 - q. What is the tens digit of x?
8
Suppose u - 4*v = 14 + 2, 0 = -2*u + 5*v + 23. Let x be (u/20)/((-4)/(-100)). Suppose x*w + 68 = 9*w. What is the tens digit of w?
1
Let m(t) = -27*t**3 - 16*t**2 - 21*t - 97. What is the tens digit of m(-6)?
8
Let f(v) = -872*v - 2694. What is the tens digit of f(-35)?
2
Suppose 0 = 5*o - 25, -394 = -3*u - 4*o + 559. What is the tens digit of u?
1
Let f(v) = 616*v - 4191. What is the units digit of f(16)?
5
Suppose 0 = -3*m + 3*x - x - 1, -5*m = -4*x + 5. Suppose m = 2*g - 1, 0 = -2*n + 5*g + 596. What is the hundreds digit of n?
3
Let z(p) = 28*p**2 + 13*p + 33. Let m be z(-7). Let k = -818 + m. What is the hundreds digit of k?
4
Let y(a) = 2. Let d(v) = 2*v - 18. Let c(x) = d(x) - 2*y(x). Let r be c(15). Suppose -14*m + r*m = -1428. What is the hundreds digit of m?
2
Suppose -16*c + 13*c + 39612 = 3*a, -2*c + 2*a + 26428 = 0. What is the thousands digit of c?
3
Let x be (-45)/(-30)*(-68)/(-6). Suppose -v + 111 - x = 0. Suppose -2*z = -2*q + v, -q - z + 100 = q. What is the tens digit of q?
4
Suppose 3*c - 22571 = -4*n, -3*c + 3*n + 27483 = 4863. What is the hundreds digit of c?
5
Let y = 71 - 159. Let l = -318 + 178. Let j = y - l. What is the units digit of j?
2
What is the units digit of (-585280)/(-1280) + 5/(-4)?
6
Let f(o) be the second derivative of 1/3*o**4 + 1/2*o**3 - 20*o + 3/2*o**2 + 0. What is the units digit of f(-2)?
3
Suppose 0 = 3*n - 14*n + 33. Suppose -n*l + 656 + 1354 = 0. What is the tens digit of l?
7
Suppose -12*t = 14*t + 50741 - 186513. What is the units digit of t?
2
Let u = -673 + 467. Let v = u + 682. What is the hundreds digit of v?
4
Suppose 32*d - 38*d = -12. Suppose 4*a - 1402 = -d*y, -1056 = a - 4*a + 3*y. What is the hundreds digit of a?
3
Let x be (198/55)/(-2*2/(-270)). Suppose -5*d = 29*n - 25*n - 1183, 4*n = -d + x. What is the units digit of d?
5
Let h(p) = 19*p**3 - 3*p**2 - 9*p - 6. Let s(j) = 37*j**3 - 7*j**2 - 19*j - 13. Let t(z) = -9*h(z) + 4*s(z). What is the tens digit of t(-2)?
7
Let r(k) be the second derivative of -202*k**3/3 - 59*k**2 - 16*k. What is the tens digit of r(-4)?
9
Let f = 223 - 211. What is the units digit of ((-32)/6)/((-1)/f)?
4
Let z(h) = -27*h**3 + 4*h - 1. Let k be z(-2). Let p = 544 - k. What is the hundreds digit of p?
3
Let i(u) = -u**2 + 36*u + 3. Let x be i(36). What is the tens digit of (15/x)/(35/294)?
4
Let y = 34 + 11. Let z = y + -224. Let j = z + 357. What is the units digit of j?
8
Suppose -17*t = -12*t - 3*c - 65, 4*t + c = 69. Suppose 5*m + 2*d - 576 = 0, m - 97 = -4*d + 29. Let q = m - t. What is the tens digit of q?
9
Let i(q) = 2100*q**2 - 9*q + 92. What is the hundreds digit of i(3)?
9
Let t(c) = c**2 - c + 2. Let y be t(0). Suppose y*x = 3*x. Suppose 3*w - 25 - 29 = x. What is the units digit of w?
8
Let z(b) = -6*b**3 + 3*b**2 + 2*b - 2. Suppose 0 = -5*g - x - 0*x - 210, -5*g - 5*x - 210 = 0. Let w = -44 - g. What is the units digit of z(w)?
4
What is the tens digit of ((-192)/(-448) - 18/(-7)) + 7310 + 3?
1
Suppose 4*g - 948 = 2*d, 3*g + 4*d = 2*g + 246. Let h = g - 200. What is the tens digit of h?
3
Suppose -107 = -3*d + 10. Suppose -8*o = -d + 15. Suppose o*u - u = 194. What is the units digit of u?
7
Suppose 308*c + 235*c - 10738395 = -96*c. What is the units digit of c?
5
Suppose -96*m + 222*m + 134*m - 5097300 = 0. What is the ten thousands digit of m?
1
Suppose -2026557 = -94*x - 418680 + 870527. What is the hundreds digit of x?
3
Let d be (-2 + -7)/18*0/2. Suppose -2*b + 17*b - 15750 = d. What is the tens digit of b?
5
Let p(b) = -27*b - 375. Let l be p(-14). Suppose 266 + 1840 = l*z. What is the tens digit of z?
0
Let w(v) = -v**3 - 11*v**2 - 12*v - 19. Let o be w(-8). Let x = o - -176. What is the units digit of x?
1
Suppose 0 = 18*c - 9*c + 16272. Let d = -802 - c. What is the tens digit of d?
0
Let s(l) = 8137*l**2 - 105*l + 4. What is the tens digit of s(2)?
4
Let c(k) = 22*k**2 + 325*k + 16. What is the ten thousands digit of c(24)?
2
Let r be (-3)/(9/3) - (4 - 3). What is the tens digit of ((-1)/(3/237))/(r/8)?
1
Suppose 89*h - 647469 - 376152 = 622879. What is the hundreds digit of h?
5
Let v(t) = 9637*t**2 + 202*t + 400. What is the thousands digit of v(-2)?
8
Suppose 97*h - 92*h = -3*w + 108675, 5*w - 181125 = 2*h. What is the thousands digit of w?
6
Suppose -14*k + 38855 + 56723 = 0. Suppose 5*l = -5*a + 8515, a - k = -40*l + 36*l. What is the thousands digit of l?
1
Let n = 58 - 102. What is the tens digit of (-10158)/(-11) + (-24)/n?
2
Suppose -36 = -r - 234. Let v be (75/21 - 3)*14/(-4). What is the hundreds digit of v/11 + (-3)/(r/15918)?
2
Suppose -35*l + 37*l = 6. Suppose 5*u - 5*q + 189 = 1649, l*u - q - 878 = 0. What is the hundreds digit of u?
2
Suppose -5*v = -4*c - 39, 2*c - 11*v + 22 = -9*v. What is the tens digit of ((-33)/(-6))/(((-4)/1)/c)?
2
Let g(m) = -m**3 + 20*m**2 - 22*m - 33. Let f(v) = -2*v**2 + 20*v + 18. Let b be f(10). What is the units digit of g(b)?
9
What is the tens digit of 25787/2*(3 + -10 + 9)?
8
Suppose -4*b = 2*h - 5928, 0 = -4*h - 2*b + b + 11828. Let t = 34 + -112. What is the units digit of h/52 + (-12)/t?
7
Suppose -3*n + 5*i = -74377 - 78012, -5*n - 2*i = -254023. What is the units digit of n?
3
What is the thousands digit of (8724 - (10 - -7)) + 11?
8
Suppose -5*a + 21 = p, 0 = 5*p + 6*a - 3*a - 17. Let q(v) = 3*v**3 - v**2 + v. Let i be q(p). Suppose 2*j + 5 = -1, 195 = i*s - j. What is the units digit of s?
4
Suppose -4*l - 44 = 3*r + 55, l - 113 = 4*r. What is the tens digit of (r/(-145))/((-1)/2)*-325?
3
Suppose 158*x - 219499 - 2326328 = 2725527. What is the units digit of x?
3
Let i(r) = -1. Let w(u) = 177*u - 27. Let m(a) = -3*i(a) + w(a). Let k be m(4). Suppose -27 - k = -9*s. What is the units digit of s?
9
Suppose -h - 13628 = -5*h + 4*x, 6821 = 2*h + 5*x. What is the tens digit of h?
0
Let q(i) = 234*i**2 + 39*i + 25. What is the tens digit of q(17)?
1
Let v(z) = z - 98. Let j = -82 - -82. Let n be v(j). Let r = n - -180. What is the units digit of r?
2
Suppose -39*q = -56*q + 31*q - 785610. What is the ten thousands digit of q?
5
Suppose 244*o - 7223397 = 1404931. What is the units digit of o?
2
Let r be -24*5*1/(